at are the prime factors of r?
2, 3
Let l be 2/5 + (-404378)/(-130). What are the prime factors of 20/(-16) + l/12?
2, 3, 43
Suppose -3*h = h - 16. Suppose f - 6 = -h. Suppose -x + f*y + 0*y = -103, 3*y = 3*x - 306. List the prime factors of x.
101
Suppose 34500 = 4*j - 22*p + 21*p, 3*j - 3*p = 25875. What are the prime factors of j?
3, 5, 23
Let u(o) be the third derivative of o**6/120 - 3*o**5/20 + 7*o**4/24 - o**3/2 + 22*o**2. Let d be u(6). List the prime factors of 1 - (d + 7 + -4).
67
Let q = -5662 - -7561. What are the prime factors of q?
3, 211
Let g be (4668/36)/((-3)/9). Let t = g + 619. What are the prime factors of t?
2, 5, 23
Let z(f) = -f**3 - 12*f**2 + f + 12. Let k be z(-12). Suppose -2*j - j + 246 = k. Suppose 6*u = 272 + j. What are the prime factors of u?
59
Suppose 34*r - 84 = 22*r. Suppose r*p + 4*l = 4*p + 57, 2*l - 57 = -3*p. What are the prime factors of p?
19
Suppose 5*x - 45 = -4*x. Suppose 2*w = o - 54, 5*o + x*w = o + 190. List the prime factors of o.
2, 5
Suppose 0 = -29*w + 26 + 119. What are the prime factors of 110 + (w/(-1) - -3)?
2, 3
Suppose -411 = -a + 3*r + 2*r, 0 = -a - r + 381. Let w = 11 - 6. Suppose a + 264 = w*p. List the prime factors of p.
2, 5, 13
Let s(m) = -3*m**2 + 3*m - 5. Let o be s(4). Let z = 81 + o. What are the prime factors of (z + (-2 - -4))/((-14)/(-7))?
3, 7
Let c(m) = -1590*m + 1786. What are the prime factors of c(-5)?
2, 1217
Let t(k) = 61*k - 24. Let p be t(29). Suppose -5*n + p = 330. What are the prime factors of n?
283
Let h = 34 - 0. Let z be 3/3 + h*8. Let v = z - 183. What are the prime factors of v?
2, 3, 5
Suppose -3*t + 0*t + 48 = 0. Suppose 6*r - t = 2. What are the prime factors of ((-6)/(-5))/(r/10)?
2
Suppose -2*a - 5*z = 50, 119 + 60 = -5*a + z. Let u be 24/7*a/(-5). Suppose -u*l + 25*l = 99. List the prime factors of l.
3, 11
Let l(r) = 2*r**3 + r**2 - 3*r + 5. Let p(a) = a**3 - 10*a**2 + 9*a + 5. Let d be p(9). Suppose 5*y = d + 5. List the prime factors of l(y).
19
Suppose -3*d - d + 28 = 0. Let s(t) = 54*t - 26. Let y be s(d). Let w = y + -239. List the prime factors of w.
113
Let a = -544 - -797. Suppose -4*d + a = -1051. What are the prime factors of d?
2, 163
Suppose 754*o - 736*o = 296946. List the prime factors of o.
3, 13, 47
Let l = -44 - -446. Suppose -5*t = -o - l, -5*t + o = -3*o - 393. Let s = t - 34. What are the prime factors of s?
47
Let i = -157 - -357. Suppose 0*a + 5*t - i = -4*a, -5*a + 250 = 5*t. What are the prime factors of a?
2, 5
Suppose -2*c = o - 7*c - 2654, 5256 = 2*o + 3*c. Let f = o - 1836. List the prime factors of f.
2, 3, 7, 19
Suppose -35995 = -29*k + 24*k. List the prime factors of k.
23, 313
Let r(m) = -2*m + 74. Suppose 68 = -4*u + 4*q, -4*u + 33 - 99 = -5*q. List the prime factors of r(u).
2, 7
Let w(u) = -2*u**2 - 54*u - 92. Let p be w(-25). List the prime factors of (-1)/(4*p/(-8768)).
2, 137
Let g = -11092 + 19401. Suppose 22*n = g - 1115. What are the prime factors of n?
3, 109
Suppose -l = -3*l + 8. Let h be (-4)/16*-86*l. Let v = -24 + h. What are the prime factors of v?
2, 31
List the prime factors of ((-28688)/(-132))/((-6)/(-9)).
2, 163
Let w(u) = -4*u**3 - 9*u**2 + 9*u - 703. Let g(z) = z**3 + 2*z**2 - 2*z + 176. Let k(i) = 18*g(i) + 4*w(i). What are the prime factors of k(0)?
2, 89
List the prime factors of 1114/(8/(-38)*23/(-46)).
19, 557
Let z = 4456 - 2217. List the prime factors of z.
2239
Let m(h) = -391*h**3 - h**2 + 6*h + 1. Let n(l) = 392*l**3 + 2*l**2 - 8*l - 2. Let w(v) = 4*m(v) + 3*n(v). What are the prime factors of w(-1)?
2, 97
Suppose 3*i + i - 16 = 0. Suppose 13*g - 6*g = 2030. Suppose -m = -5*l + 290, -i*l - 3*m + g = l. What are the prime factors of l?
2, 29
Let p = 50 - 40. Let m(z) = -5*z**2 - 6*z - z**3 + 12*z**3 - 16 - p*z**3. What are the prime factors of m(7)?
2, 5
What are the prime factors of 318/(-265) + 96/105 + (-49550)/(-14)?
3539
Let v = 437 + -241. Suppose v = -2*f + 6*f. Let a = 104 - f. List the prime factors of a.
5, 11
Let u = 408 - 802. Let x = u + 701. List the prime factors of x.
307
Let z = -23746 - -36547. List the prime factors of z.
3, 17, 251
Suppose 2*i - 63 = -69. List the prime factors of 6*(-260)/i - 36/9.
2, 3, 43
Suppose 8773 + 40375 = 22*f. List the prime factors of f.
2, 1117
Let u = -94868 + 151279. List the prime factors of u.
19, 2969
Suppose 0 = -p + 5*y + 7605, -3*p + 3*y + 27699 = 4896. What are the prime factors of p?
2, 5, 19
Suppose -33*m + 48*m = -129 + 1209. Suppose -2*y + 0*y = 42. Let g = y + m. List the prime factors of g.
3, 17
Let c = 119 + -116. Suppose -3192 = -2*z + 133*q - 135*q, 3*q + c = 0. List the prime factors of z.
1597
Let z(q) = 50*q**2 - 4*q + 9. Let x be z(6). Suppose -15*a - 5*i + x = -10*a, -4*i = 12. List the prime factors of a.
2, 3, 5
Suppose 17297*d - 17310*d = -711087. What are the prime factors of d?
3, 18233
Let n(s) = 685*s + 9657. List the prime factors of n(49).
2, 21611
Suppose 18*k = -64*k + 19844. What are the prime factors of k?
2, 11
Let v(x) = -5*x**3 - 4*x**2 + 3*x + 6. Let r be (0 - 1)/((-6)/(-18)). Let o be v(r). Suppose -6*l + 12*l = o. List the prime factors of l.
2
Suppose 2*n - 76634 = -4*s, 9*n - 153295 = 5*n + s. List the prime factors of n.
19, 2017
Let s = -129 - -132. Let f(b) = s*b + 4 + 24 + b**2 + 22 - 2*b**2. List the prime factors of f(0).
2, 5
Let m(a) = 235*a + 1247. List the prime factors of m(35).
2, 37
Suppose -4*m - 57 + 69 = 0, 3*m = 4*t - 52447. List the prime factors of t.
2, 79, 83
Suppose 4*v - 465 = -5*l, 0 - 9 = 3*l. Let r = 249 - v. List the prime factors of r.
3, 43
Let x(r) = -r**3 + 14*r**2 - 22*r - 14. Let t be ((-18)/15 - -2)*(-2 + 17). Let b be x(t). Suppose 12*v - 64 = b*v. List the prime factors of v.
2
Suppose 4*v - 4*c = 11300, 4*c - 3793 = -5*v + 10305. What are the prime factors of v?
2, 17, 83
Let h = -158 - -321. Let a = 7438 - 7433. Suppose 172 + h = a*m. List the prime factors of m.
67
Let w = -230 - 35. Let n = -195 - w. List the prime factors of n.
2, 5, 7
Suppose 567715 + 437753 = 51*a + 145455. List the prime factors of a.
3, 7, 11, 73
Suppose 0 = -4*x + 4*b + 20, 4*b = x + 7*b - 5. Suppose w - 2*w = 0. Suppose -l + 64 = x*v - 446, w = 2*v - 3*l - 204. What are the prime factors of v?
2, 3, 17
Let j = -104927 + 151753. List the prime factors of j.
2, 13, 1801
Let d(o) be the first derivative of o**4/4 + 16*o**3/3 + 5*o**2 - 29*o + 19. Let p be d(-15). Suppose 80 + p = l. List the prime factors of l.
2, 3, 7
Let f be (76/(-12))/((-5)/(-150)). Let z = -159 - f. List the prime factors of z.
31
Let o = 89 - 85. Suppose -2*g - 652 = -2*z, 0 = o*z + 5*g - 1560 + 283. List the prime factors of z.
17, 19
Let g be (-2 - (-20)/14)*-14. Suppose 2*t - g*u = -13*u + 893, 2*u - 449 = -t. List the prime factors of t.
3, 17
Let x be (3/(-6) + 0)*(-2 + 2). Let z be 5 - (-1 + x) - (1 + 2). List the prime factors of 19*z*(-28)/(-12).
7, 19
Let u = 136 + -440. Let l = 508 + u. List the prime factors of l.
2, 3, 17
Let b(y) = 3*y**3 + 13*y**2 + 6*y + 10. Let x be b(-4). Suppose -16*q + x*g = -15*q - 893, 883 = q - 4*g. List the prime factors of q.
3, 7, 43
Suppose 441 - 4949 = 14*u. Let r = -227 - u. What are the prime factors of r?
5, 19
Let p(m) = -m**3 - 2*m**2 + 5*m + 4. Let d be p(-3). Let z(o) = o**3 - 23*o**2 + 46*o - 90. Let h be z(21). List the prime factors of (-13)/d + h/4.
5
What are the prime factors of 105*((-2140)/(-15))/2?
2, 5, 7, 107
Let g = 755 + 541. Suppose 40*m = 38*m + g. List the prime factors of m.
2, 3
Suppose -246835 = -18*a + 124091. What are the prime factors of a?
3, 6869
Let c = 163 - 98. Let f = -61 + c. List the prime factors of -1*(-21)/3 + 0/f.
7
List the prime factors of 6 + (107612/13 - ((-308)/143 + 2)).
2, 19, 109
Let x = -5377 + 28325. What are the prime factors of x?
2, 5737
Let m(i) = i - 1. Let s be m(-6). Suppose 2380 - 70 = -21*y. List the prime factors of 2*(y/(-4) - s/14).
2, 7
Let x(y) = 4*y**3 + y - 3. Let s be x(-2). Let l(r) = 12*r**2 + 3*r. Let b be l(3). Let v = b + s. List the prime factors of v.
2, 5
Suppose -3*j - 18 = 0, -42155 = v - 6*v - 5*j. What are the prime factors of v?
11, 13, 59
Let t = -17719 - -17718. Suppose -6*p + 3*p - 30 = 0. List the prime factors of (-102)/(((-15)/p)/t).
2, 17
Let z be 24/16*4/(-3). Let t be (z/(-1